alculate r(2).
0
Let g(o) be the first derivative of o**4/4 - 2*o**3 + 5*o**2/2 + 2*o + 8. What is g(5)?
2
Let a(x) be the third derivative of 7*x**5/60 + x**4/24 + 9*x**2. Give a(1).
8
Let z(l) = -l**2 - 4*l + 5. Let u be z(-4). Let t(p) = p**3 - 4*p**2 - 4*p. Give t(u).
5
Let s(y) be the second derivative of y**5/20 + y**4/3 - y**2/2 + 10*y. Give s(-4).
-1
Let g(m) = 2*m. Let x be g(-5). Let o be (-20)/6*15/x. Let u(h) = -2*h - 3. Let w(r) = -3*r - 5. Let n(p) = 5*u(p) - 3*w(p). Calculate n(o).
-5
Suppose 10 = -5*q, -4*p + 0*q = 4*q + 64. Let s = 11 + p. Let v(m) = -m**3 - 4*m**2 - 4*m - 2. What is v(s)?
1
Let h(q) = 4*q**2 + 4 + q + q + 2 - 5. What is h(-1)?
3
Suppose 4*y + 2*h = -8, 28 = -5*y + 3*h - h. Let v be (-7)/(-4) + (-1)/y. Let q(w) = -3 + w**3 - 3*w**2 + v - 4*w + 3*w**3 - 3*w**3. Calculate q(4).
-1
Let h be (1 + -4)*4/6. Let p be -2 + (2 - 0)/h. Let f(j) = -j**3 - 3*j**2 + 1. Let t be f(p). Let q(n) = n**3 + 2*n**2 - n. Give q(t).
2
Let g(c) = 2*c**2 + c + 15. Let n(o) = o**2 + o + 8. Let x(q) = -4*g(q) + 7*n(q). Let l be ((-2)/(-1))/(2/2). Let f = l + 1. Calculate x(f).
-4
Suppose 4*u - u - 20 = -5*l, -12 = -4*u - 3*l. Suppose -t = -u*t + 3. Let x(i) = i + 1. What is x(t)?
-2
Let m(c) = -2*c - 11. Let n be m(-5). Let z(j) = -3*j - 4 + 3 - 2*j**2 + j - 6*j**3. What is z(n)?
5
Let w = -27 + 43. Suppose w = 5*p - 19. Let x(g) = g**2 - 6*g - 8. Calculate x(p).
-1
Let h = 182 - 187. Let u(y) be the second derivative of -y**3/6 - 3*y**2/2 + y. Give u(h).
2
Let i(n) = -n**2 - 5*n + 5. Let g = 7 + -14. Give i(g).
-9
Let a(i) = -i**2 - 9*i - 4. Let k be (-1 - 5/(-2))/(22/(-132)). Determine a(k).
-4
Let f(x) = 0*x + 6 + 0*x - 7 - x. Calculate f(2).
-3
Suppose -3 = 7*w - 8*w. Let q(d) = -d**w - d**2 + 7*d - 1 - 1 - 9*d. Calculate q(-2).
6
Suppose 6*h + 27 + 21 = 0. Let c = h - -14. Let b(d) = d - 5. Give b(c).
1
Let j(t) = t**3 + 5*t**2 + 3*t. Suppose -2 = -3*y - 38. Let l be (-1)/(3*(-1)/y). Determine j(l).
4
Let x = 0 - -6. Let j = x - 4. Let p(a) = 4 + 4 - 4*a - 6 - a**j. Determine p(-5).
-3
Let q(c) = c**3 + 3*c**2 - 3*c. Let z(o) be the second derivative of o**4/12 + 5*o**3/6 - 2*o**2 + 6*o. Let a be z(-5). Calculate q(a).
-4
Let i = 48 + -43. Let z(d) = 4*d - 1. Let s(o) = 5*o. Let r(a) = 3*s(a) - 4*z(a). Determine r(i).
-1
Let z(j) = -j**3 + 4*j**2 + 3*j + 1. Let d(c) = -c**3 + c. Let t(v) = 2*d(v) - z(v). Let i = -8 + 5. What is t(i)?
-7
Let b(p) = -3*p - 2. Let f be b(-2). Let t(i) = i**2 - 3*i + 5. Let z be t(4). Let h(d) = -z*d + f - 4. Calculate h(1).
-9
Let o(i) be the second derivative of i**6/120 + 2*i**5/15 + i**4/4 - i**3/2 - 2*i**2 + 7*i. Let b(m) be the first derivative of o(m). What is b(-7)?
4
Let u(l) = l**2 - 9*l + 11. Let k be u(8). Let w(i) = 122*i**k - 121*i**3 + 4 + i + 0*i**2 + 3*i**2. Let v be (-1)/((-8)/(-6) - 1). What is w(v)?
1
Let i(n) = 2*n**2 - 7*n + 5 + 0 - 3*n**2 + 2*n**2. Give i(4).
-7
Let b(q) be the first derivative of 6*q**2 + 7*q - 2. Let d(g) = g - 2. Let k be d(8). Let a(l) = -6*l - 4. Let c(s) = k*b(s) + 11*a(s). Give c(2).
10
Let s(g) be the third derivative of -g**5/60 + g**4/12 + g**3/2 + 3*g**2. Let j(u) be the first derivative of s(u). Calculate j(4).
-6
Let q = 0 + 5. Let k(h) = -h**3 + h. Let v = 0 + -1. Let w(x) = -5*x**2 + x - 4. Let c(o) = v*k(o) + w(o). Give c(q).
-4
Let r(c) be the first derivative of 1/3*c**3 + 0*c - 2 + 0*c**2. Let p = 4 - 2. Calculate r(p).
4
Let t = 1 - -5. Let b be t/(-21) + 23/7. Let d(a) = -a**3 - a**2 + 1. Let c(f) = f**3 + 4*f**2 + 4*f - 5. Let v(i) = -c(i) - 2*d(i). What is v(b)?
0
Let z be ((-4)/(-10))/((-5)/25). Let g(w) = 2*w + 2. Determine g(z).
-2
Let f(p) = -1 - 3*p + 14 - 3*p + 5*p. What is f(0)?
13
Let c(t) = -t**2 - 6*t - 6. Let x(d) = d**3 + 6*d**2 - 5. Let b be x(-6). Calculate c(b).
-1
Suppose 7*c = 2*c. Let b = 1 + c. Let z(g) = -g**3 + g**2 - g. Let x(j) = -7*j**3 + 7*j**2 - 8*j + 1. Let n(r) = b*x(r) - 6*z(r). What is n(1)?
-1
Let f be -13 + 13 + (1 - 6). Let m(b) be the second derivative of b**4/12 + 2*b**3/3 - 7*b**2/2 + b. What is m(f)?
-2
Let s(q) = q**3 + q**2 + 4*q - 3. Let v = 7 - 6. Let h(r) = r**3 + r - 1. Let a(n) = v*s(n) - 2*h(n). Give a(-2).
7
Let j be (0/(-3))/(-1 - -3). Suppose j = -0*b - 5*b - 5. Let i(z) = 2*z**2 + 3*z. Let g(n) = -5*n**2 - 7*n. Let h(a) = -6*g(a) - 14*i(a). What is h(b)?
2
Suppose -p + 3*p + 2 = 0. Let f(h) = h**3 - h - 1. Give f(p).
-1
Let a(v) = 53*v - v**2 - 3*v**3 + 1 - 53*v. Calculate a(-1).
3
Let g be -6 + 1 + 1*12. Let v(q) = -q + 6. Calculate v(g).
-1
Let y(x) be the second derivative of x**3/6 - 7*x**2/2 + 3*x. Let t be (-2)/(-3) - (-192)/(-18). Let s = t + 15. Calculate y(s).
-2
Let g(m) = -m**3 + 6*m**2 - 3*m - 2. Let j be g(5). Let q(d) = -d**2 + 4*d + 10. Give q(j).
-22
Let x(a) = 20*a - 15. Let b(l) = 11*l - 8. Let c(j) = 11*b(j) - 6*x(j). What is c(5)?
7
Let x(a) = -3 - a**2 + 2 - a - 3*a + 2*a. Determine x(-3).
-4
Let z(t) = 7*t**2 + t. Suppose 0 = -3*c - 0*c - 3. What is z(c)?
6
Let p(m) = 3*m + 3. Let t be (-5 + 2)*4/6. Let g be p(t). Let d(a) = a + 4 - 2*a**2 + a**2 - 4*a + 0*a. Give d(g).
4
Suppose -6 = -5*j + 4. Suppose j*f - f = -5*p + 20, -3*f - 30 = -3*p. Let t(l) = -l**3 - 4*l**2 + 4*l. Determine t(f).
5
Let k(a) = -a**3 - 3*a**2 + a + 4. Let d(p) = -1. Let t be 1*(-3)/(-6)*-2. Let i = 4 + -9. Let z(o) = i*d(o) + t*k(o). Calculate z(-3).
4
Let l(r) be the third derivative of r**4/6 - 2*r**3/3 - r**2. What is l(3)?
8
Let w(s) = 2*s**2 - 23*s + 23. Let r(j) = j**2 - 12*j + 12. Let y(d) = 11*r(d) - 6*w(d). Give y(5).
-1
Suppose -11 = 2*c + 1. Let n = c + 3. Let p(q) = -q + 2. Give p(n).
5
Let a(q) = -6*q - 6. Let s be 3*(-4)/6 + 3. Let c(v) = -1. Let i(f) = s*a(f) - 5*c(f). Determine i(1).
-7
Let q(r) be the second derivative of r**5/20 - r**4/6 + 2*r**3/3 - r**2 + r. Let n be -2 + (-3)/3*3. Let j be n/(-2) + 5/(-10). Give q(j).
6
Let f = 35 + -31. Let j(l) be the second derivative of l**4/12 - l**3 + 3*l**2 + l. Give j(f).
-2
Let c(p) be the first derivative of -p**2/2 - 3*p + 9. What is c(-6)?
3
Let y = 30 - 30. Let j(n) be the first derivative of -n**3/3 + n**2/2 - 3*n + 1. Give j(y).
-3
Let o(m) = -m. Let f = 2 + -5. Determine o(f).
3
Let c(u) be the third derivative of -u**5/60 - u**4/6 + 5*u**3/6 - 24*u**2 - 2*u. Determine c(-4).
5
Let p(v) = -2 + 5 - 2. Let u(o) = -o + 1. Let d(n) = -p(n) + 2*u(n). What is d(3)?
-5
Let i(w) = -w**2 + 10*w - 10. Suppose 2*h - 15 - 11 = -4*z, -4*z = -h - 35. Calculate i(z).
6
Let v(k) = -k**3 - k**2. Let z(a) = 5*a**3 - 3*a**2 + 1. Let q(h) = v(h) - z(h). What is q(1)?
-5
Let z(r) = r**3 - 27*r**2 - 28*r + 3. Let t be z(28). Let n(f) = f**3 - 4*f**2 + 5*f - 4. Calculate n(t).
2
Suppose 4*b + 3 = 15. Let n(s) be the third derivative of -s**7/1680 + s**6/180 + s**5/60 + 2*s**2. Let k(x) be the third derivative of n(x). What is k(b)?
-5
Let a(o) = 1. Let z(j) = -2*j - 8. Let n(d) = 10*a(d) + z(d). What is n(6)?
-10
Suppose 12*a = 3*a - 27. Let o(d) = -d**3 - 3*d**2 - d - 1. Calculate o(a).
2
Let w(f) be the first derivative of -f**4/12 - 5*f**3/6 - 5*f**2/2 - f - 1. Let c(l) be the first derivative of w(l). Let s = -73 + 68. What is c(s)?
-5
Let y(q) = 2*q + 19. Let o be y(-11). Let k(u) = -u**2 - 4*u. Calculate k(o).
3
Let n = -8 - -15. Suppose 20 = -n*j + 2*j. Let p(r) = 2 - 2 + 5 + 2*r - 2. Calculate p(j).
-5
Let x(h) = 4*h + 13. Let n(a) = a + 4. Let f(z) = 7*n(z) - 2*x(z). Calculate f(7).
-5
Let g = -4 - 1. Let s = g - -5. Let z(r) be the second derivative of -r**5/20 + r**4/12 + r**2/2 + r. Give z(s).
1
Suppose 0*p + m - 5 = 2*p, 2*p - 3*m + 7 = 0. Let r(i) = -2*i**2 + 4*i + 3*i**2 - 4*i - 1. Determine r(p).
3
Let i = -3 + 4. Let w(v) = -v + 0 - i + 0*v. Let q(t) = 3*t - 50. Let c be q(17). Determine w(c).
-2
Let j(u) = -u**2 - 5*u - 2. Let p be j(-5). Let i(z) = z**3 + z**2 - 2*z + 1. What is i(p)?
1
Let w be (-340)/100 + 2/5. Let z(j) = -2*j - 3. Calculate z(w).
3
Let s(g) = -g - 1. Let q(x) = 6*x**2 + x + 4. Let w(d) = -d**2 + d + 1. Let p(n) = -q(n) + 4*w(n). Let y(c) = p(c) + s(c). Suppose -35 = r - 36. Give y(r).
-9
Suppose 3 = -7*t + 38. Let o(u) = u + 2. Give o(t).
7
Let s = 14 - 20. Let g(k) be the third derivative of -k**6/360 - 7*k**5/120 - k**4/8 - k**3/3 + k**2. Let n(p) be the first derivative of g(p). What is n(s)?
3
Suppose 